{"id":42,"date":"2017-10-29T15:36:36","date_gmt":"2017-10-29T17:36:36","guid":{"rendered":"http:\/\/suba.com.br\/site2017\/?page_id=42"},"modified":"2017-11-01T09:23:06","modified_gmt":"2017-11-01T11:23:06","slug":"empresa","status":"publish","type":"page","link":"http:\/\/suba.com.br\/site2017\/empresa\/","title":{"rendered":"EMPRESA"},"content":{"rendered":"<p>[et_pb_section bb_built=&#8221;1&#8243; _builder_version=&#8221;3.0.83&#8243; background_image=&#8221;http:\/\/suba.com.br\/site2017\/wp-content\/uploads\/2017\/10\/fundo-empresa-suba-agencia.jpg&#8221;][et_pb_row][et_pb_column type=&#8221;4_4&#8243;][et_pb_text _builder_version=&#8221;3.0.83&#8243; header_font=&#8221;|||on|||||&#8221; header_text_align=&#8221;left&#8221; header_text_color=&#8221;#ffffff&#8221; custom_css_main_element=&#8221;text-shadow: 2px 2px 7px rgba(0, 0, 0, 0.9);&#8221; header_font_size=&#8221;40px&#8221;]<\/p>\n<h1>A EMPRESA<\/h1>\n<p>[\/et_pb_text][\/et_pb_column][\/et_pb_row][\/et_pb_section][et_pb_section bb_built=&#8221;1&#8243; fullwidth=&#8221;off&#8221; specialty=&#8221;off&#8221;][et_pb_row][et_pb_column type=&#8221;4_4&#8243;][et_pb_text _builder_version=&#8221;3.0.83&#8243; text_font_size=&#8221;25px&#8221; max_width=&#8221;89%&#8221; module_alignment=&#8221;center&#8221; text_line_height=&#8221;30PX&#8221;]<\/p>\n<p>A SUBA \u00e9 uma Agencia de Intelig\u00eancia em Neg\u00f3cios Digitais, formada por uma equipe multidisciplinar de profissionais especializados e com vasta experi\u00eancia em Marketing Digital, Web Design, Desenvolvimento e M\u00e9tricas. Aptos a planejar, gerenciar e analisar a\u00e7\u00f5es voltadas a <strong>conquistar excelente exposi\u00e7\u00e3o, aumentar o retorno do investimento e tornar sua marca presente no momento que seu cliente mais precisa.<\/strong><\/p>\n<p>&nbsp;<\/p>\n<p><strong>\u00c1reas de atua\u00e7\u00e3o:<br \/>\n<\/strong>SEO, Links Patrocinados, Desenvolvimento de sites, Identidade Visual, Usabilidade, Otimiza\u00e7\u00e3o de Convers\u00e3o, E-mail Marketing, M\u00eddias Sociais e M\u00e9tricas.<\/p>\n<p>&nbsp;<\/p>\n<p><strong>Miss\u00e3o da empresa<br \/>\n<\/strong>Criar solu\u00e7\u00f5es que alavanquem as vendas das empresas, utilizando as melhores praticas do mundo digital.<\/p>\n<p>&nbsp;<\/p>\n<p><strong>Vis\u00e3o da empresa<br \/>\n<\/strong>Ser reconhecida pelo mercado como refer\u00eancia em marketing com efici\u00eancia, qualidade e \u00e9tica.<\/p>\n<p>[\/et_pb_text][\/et_pb_column][\/et_pb_row][\/et_pb_section][et_pb_section bb_built=&#8221;1&#8243; fullwidth=&#8221;off&#8221; specialty=&#8221;off&#8221; _builder_version=&#8221;3.0.83&#8243; background_image=&#8221;http:\/\/suba.com.br\/site2017\/wp-content\/uploads\/2017\/10\/fundo-footer.jpg&#8221;][et_pb_row][et_pb_column type=&#8221;1_2&#8243;][et_pb_text _builder_version=&#8221;3.0.83&#8243; text_font=&#8221;|600|||||||&#8221; text_font_size=&#8221;20px&#8221; text_text_color=&#8221;#ffffff&#8221; header_2_font=&#8221;|700|||||||&#8221; header_2_font_size=&#8221;62px&#8221; header_2_text_color=&#8221;#ffffff&#8221; custom_margin=&#8221;20%|||&#8221; custom_css_main_element=&#8221;text-shadow: 2px 2px 7px rgba(0, 0, 0, 0.9);&#8221;]<\/p>\n<h2>CONTATO<\/h2>\n<p>Tel.: 21 985 998 626<br \/>\ncontato@suba.com.br<\/p>\n<p>[\/et_pb_text][\/et_pb_column][et_pb_column type=&#8221;1_2&#8243;][et_pb_contact_form _builder_version=&#8221;3.0.83&#8243; submit_button_text=&#8221;ENVIAR&#8221; email=&#8221;CONTATO@SUBA.COM.BR&#8221; captcha=&#8221;off&#8221; use_redirect=&#8221;off&#8221; form_background_color=&#8221;#ffffff&#8221; input_border_radius=&#8221;5&#8243; use_border_color=&#8221;on&#8221; border_color=&#8221;#6d6d6d&#8221; custom_button=&#8221;on&#8221; button_text_size=&#8221;15&#8243; button_text_color=&#8221;#6b6b6b&#8221; button_bg_color=&#8221;#ffffff&#8221; button_border_width=&#8221;1&#8243; button_border_color=&#8221;#7a7a7a&#8221; button_icon_placement=&#8221;right&#8221; form_field_font=&#8221;|||on|||||&#8221;] [et_pb_contact_field field_title=&#8221;Nome&#8221; field_type=&#8221;input&#8221; field_id=&#8221;Name&#8221; required_mark=&#8221;on&#8221; fullwidth_field=&#8221;on&#8221; _builder_version=&#8221;3.0.83&#8243; checkbox_checked=&#8221;off&#8221; checkbox_options=&#8221;%91{%22value%22:%22Nome%22,%22checked%22:0}%93&#8243; radio_options=&#8221;%91{%22value%22:%22Nome%22,%22checked%22:0}%93&#8243; select_options=&#8221;%91{%22value%22:%22Nome%22,%22checked%22:0}%93&#8243; min_length=&#8221;0&#8243; max_length=&#8221;0&#8243; allowed_symbols=&#8221;all&#8221; conditional_logic=&#8221;off&#8221; conditional_logic_relation=&#8221;off&#8221; conditional_logic_rules=&#8221;%91{%22field%22:%22email%22,%22condition%22:%22is%22,%22value%22:%22%22}%93&#8243; use_background_color_gradient=&#8221;off&#8221; background_color_gradient_start=&#8221;#2b87da&#8221; background_color_gradient_end=&#8221;#29c4a9&#8243; background_color_gradient_type=&#8221;linear&#8221; background_color_gradient_direction=&#8221;180deg&#8221; background_color_gradient_direction_radial=&#8221;center&#8221; background_color_gradient_start_position=&#8221;0%&#8221; background_color_gradient_end_position=&#8221;100%&#8221; parallax=&#8221;off&#8221; parallax_method=&#8221;on&#8221; background_size=&#8221;cover&#8221; background_position=&#8221;center&#8221; background_repeat=&#8221;no-repeat&#8221; background_blend=&#8221;normal&#8221; allow_player_pause=&#8221;off&#8221; form_field_font=&#8221;||||||||&#8221; use_border_color=&#8221;off&#8221; border_style=&#8221;solid&#8221; box_shadow_style=&#8221;none&#8221; box_shadow_color=&#8221;rgba(0,0,0,0.3)&#8221; box_shadow_position=&#8221;outer&#8221; \/][et_pb_contact_field field_title=&#8221;E-mail&#8221; field_type=&#8221;email&#8221; field_id=&#8221;Email&#8221; required_mark=&#8221;on&#8221; fullwidth_field=&#8221;on&#8221; _builder_version=&#8221;3.0.83&#8243; checkbox_checked=&#8221;off&#8221; checkbox_options=&#8221;%91{%22value%22:%22E-mail%22,%22checked%22:0}%93&#8243; radio_options=&#8221;%91{%22value%22:%22E-mail%22,%22checked%22:0}%93&#8243; select_options=&#8221;%91{%22value%22:%22E-mail%22,%22checked%22:0}%93&#8243; min_length=&#8221;0&#8243; max_length=&#8221;0&#8243; allowed_symbols=&#8221;all&#8221; conditional_logic=&#8221;off&#8221; conditional_logic_relation=&#8221;off&#8221; conditional_logic_rules=&#8221;%91{%22field%22:%22name%22,%22condition%22:%22is%22,%22value%22:%22%22}%93&#8243; use_background_color_gradient=&#8221;off&#8221; background_color_gradient_start=&#8221;#2b87da&#8221; background_color_gradient_end=&#8221;#29c4a9&#8243; background_color_gradient_type=&#8221;linear&#8221; background_color_gradient_direction=&#8221;180deg&#8221; background_color_gradient_direction_radial=&#8221;center&#8221; background_color_gradient_start_position=&#8221;0%&#8221; background_color_gradient_end_position=&#8221;100%&#8221; parallax=&#8221;off&#8221; parallax_method=&#8221;on&#8221; background_size=&#8221;cover&#8221; background_position=&#8221;center&#8221; background_repeat=&#8221;no-repeat&#8221; background_blend=&#8221;normal&#8221; allow_player_pause=&#8221;off&#8221; form_field_font=&#8221;||||||||&#8221; use_border_color=&#8221;off&#8221; border_style=&#8221;solid&#8221; box_shadow_style=&#8221;none&#8221; box_shadow_color=&#8221;rgba(0,0,0,0.3)&#8221; box_shadow_position=&#8221;outer&#8221; \/][et_pb_contact_field _builder_version=&#8221;3.0.83&#8243; field_id=&#8221;phone&#8221; field_title=&#8221;TELEFONE&#8221; field_type=&#8221;input&#8221; checkbox_checked=&#8221;off&#8221; checkbox_options=&#8221;%91{%22value%22:%22%22,%22checked%22:0}%93&#8243; radio_options=&#8221;%91{%22value%22:%22%22,%22checked%22:0}%93&#8243; select_options=&#8221;%91{%22value%22:%22%22,%22checked%22:0}%93&#8243; min_length=&#8221;0&#8243; max_length=&#8221;0&#8243; allowed_symbols=&#8221;all&#8221; required_mark=&#8221;on&#8221; conditional_logic=&#8221;off&#8221; conditional_logic_relation=&#8221;off&#8221; conditional_logic_rules=&#8221;%91{%22field%22:%22name%22,%22condition%22:%22is%22,%22value%22:%22%22}%93&#8243; use_background_color_gradient=&#8221;off&#8221; background_color_gradient_start=&#8221;#2b87da&#8221; background_color_gradient_end=&#8221;#29c4a9&#8243; background_color_gradient_type=&#8221;linear&#8221; background_color_gradient_direction=&#8221;180deg&#8221; background_color_gradient_direction_radial=&#8221;center&#8221; background_color_gradient_start_position=&#8221;0%&#8221; background_color_gradient_end_position=&#8221;100%&#8221; parallax=&#8221;off&#8221; parallax_method=&#8221;on&#8221; background_size=&#8221;cover&#8221; background_position=&#8221;center&#8221; background_repeat=&#8221;no-repeat&#8221; background_blend=&#8221;normal&#8221; allow_player_pause=&#8221;off&#8221; fullwidth_field=&#8221;on&#8221; form_field_font=&#8221;||||||||&#8221; use_border_color=&#8221;off&#8221; border_style=&#8221;solid&#8221; box_shadow_style=&#8221;none&#8221; box_shadow_color=&#8221;rgba(0,0,0,0.3)&#8221; box_shadow_position=&#8221;outer&#8221; \/][et_pb_contact_field field_title=&#8221;Mensagem&#8221; field_type=&#8221;text&#8221; field_id=&#8221;Message&#8221; required_mark=&#8221;on&#8221; fullwidth_field=&#8221;on&#8221; _builder_version=&#8221;3.0.83&#8243; \/] [\/et_pb_contact_form][\/et_pb_column][\/et_pb_row][\/et_pb_section]<\/p>\n","protected":false},"excerpt":{"rendered":"<p>[et_pb_section bb_built=&#8221;1&#8243; _builder_version=&#8221;3.0.83&#8243; background_image=&#8221;http:\/\/suba.com.br\/site2017\/wp-content\/uploads\/2017\/10\/fundo-empresa-suba-agencia.jpg&#8221;][et_pb_row][et_pb_column type=&#8221;4_4&#8243;][et_pb_text _builder_version=&#8221;3.0.83&#8243; header_font=&#8221;|||on|||||&#8221; header_text_align=&#8221;left&#8221; header_text_color=&#8221;#ffffff&#8221; custom_css_main_element=&#8221;text-shadow: 2px 2px 7px rgba(0, 0, 0, 0.9);&#8221; header_font_size=&#8221;40px&#8221;] A EMPRESA [\/et_pb_text][\/et_pb_column][\/et_pb_row][\/et_pb_section][et_pb_section bb_built=&#8221;1&#8243; fullwidth=&#8221;off&#8221; specialty=&#8221;off&#8221;][et_pb_row][et_pb_column type=&#8221;4_4&#8243;][et_pb_text _builder_version=&#8221;3.0.83&#8243; text_font_size=&#8221;25px&#8221; max_width=&#8221;89%&#8221; module_alignment=&#8221;center&#8221; text_line_height=&#8221;30PX&#8221;] A SUBA \u00e9 uma Agencia de Intelig\u00eancia em Neg\u00f3cios Digitais, formada por uma equipe multidisciplinar de profissionais especializados e com vasta experi\u00eancia em Marketing Digital, [&hellip;]<\/p>\n","protected":false},"author":1,"featured_media":0,"parent":0,"menu_order":1,"comment_status":"closed","ping_status":"closed","template":"","meta":{"footnotes":""},"class_list":["post-42","page","type-page","status-publish","hentry"],"_links":{"self":[{"href":"http:\/\/suba.com.br\/site2017\/wp-json\/wp\/v2\/pages\/42","targetHints":{"allow":["GET"]}}],"collection":[{"href":"http:\/\/suba.com.br\/site2017\/wp-json\/wp\/v2\/pages"}],"about":[{"href":"http:\/\/suba.com.br\/site2017\/wp-json\/wp\/v2\/types\/page"}],"author":[{"embeddable":true,"href":"http:\/\/suba.com.br\/site2017\/wp-json\/wp\/v2\/users\/1"}],"replies":[{"embeddable":true,"href":"http:\/\/suba.com.br\/site2017\/wp-json\/wp\/v2\/comments?post=42"}],"version-history":[{"count":6,"href":"http:\/\/suba.com.br\/site2017\/wp-json\/wp\/v2\/pages\/42\/revisions"}],"predecessor-version":[{"id":133,"href":"http:\/\/suba.com.br\/site2017\/wp-json\/wp\/v2\/pages\/42\/revisions\/133"}],"wp:attachment":[{"href":"http:\/\/suba.com.br\/site2017\/wp-json\/wp\/v2\/media?parent=42"}],"curies":[{"name":"wp","href":"https:\/\/api.w.org\/{rel}","templated":true}]}}